- 5*f. What is the units digit of f?
5
Suppose -95726 + 642942 = 23*l. What is the tens digit of l?
9
What is the units digit of (570/(-475))/(3/(-10)*-1) + 21256?
2
Suppose -69*y = -2959443 + 1897568 - 2391989. What is the tens digit of y?
5
Let r = 2750 - 1864. Suppose 2*h = 366 + r. What is the units digit of h?
6
Let q(g) = -2*g**3 - 47*g**2 - 24*g - 14. Let v be q(-23). Suppose -3*p + 229 = j, 5*j + v*p = 10*p + 1097. What is the units digit of j?
0
Let u be (-263198)/(-364) + (-2)/28. Suppose -u = -o - 2*r, -4*o = o + 2*r - 3607. What is the units digit of o?
1
Let u(s) = 3*s**2 + 50*s + 39*s + 26*s**2 + s**3 - 19*s + 24 + 12*s. What is the tens digit of u(-16)?
4
Let f = -23 - -11. Let x be f/(-10)*(-15)/(-9). Suppose -2*k = 3*j - 36, 0 = -3*j + 2*j - x. What is the units digit of k?
1
Let p(c) = -28*c**2 + 5*c - 2. Let o be p(3). Let y = 702 + o. What is the units digit of y?
3
Suppose 6436 = -13*p + 20827. What is the thousands digit of p?
1
Let d(b) = 2*b**2 - 7*b - 67. Let p be d(-17). Let v = 898 - p. What is the tens digit of v?
6
Suppose 7*v = 11*v + 2*d - 68966, -4*d = -3*v + 51719. What is the units digit of v?
1
Let f be 40/(-6)*(-12)/(-10). Let w(y) = 7 + 3*y**3 - 4*y**3 + 11 - 5*y**2 - 12*y + 23*y. What is the units digit of w(f)?
2
Let o = -114 - -360. Suppose 0*m - o = -3*m. Suppose 4*i = m + 86. What is the tens digit of i?
4
Let b = -83 + 15. Let n = b - -44. Let z = 82 - n. What is the units digit of z?
6
Suppose -4*m = 4*a - 344, -4*a + 3*m + 183 = -189. Suppose 34 = 2*b + 4*l, 4 = -4*b - 2*l + a. Suppose 0 = 18*q - b*q + 720. What is the tens digit of q?
4
Suppose 3*d = 172 + 143. Suppose -4*v + 3*a + 126 = 3, -3*v = 2*a - d. What is the hundreds digit of (-786)/(-9)*v/22?
1
Let h(z) = 6*z**3 + 3*z + 2. Let o(a) = -a**3 - 6*a**2 - 6*a - 2. Let f be o(-5). What is the hundreds digit of h(f)?
1
Suppose -15*u + 13334 = 449. What is the tens digit of u?
5
Let s be 7454/10 - ((-57)/(-5) - 11). Let t = s - 3. What is the tens digit of t?
4
Suppose 9480 = -26*y + 6*y. Let p = -226 - y. What is the tens digit of p?
4
Let i = -72 + 158. Suppose 5*z = -2*y + i, -53 = -2*y + 2*z + 19. Suppose y + 198 = 4*a. What is the tens digit of a?
5
Suppose 5*o + 4*l = 408153, -l = 36*o - 35*o - 81631. What is the hundreds digit of o?
6
Let o be (-24)/(-12) - (-3)/((-3)/47). Let b = o + 75. Suppose b = 2*u + 3*u - 5*d, 4*u - 3*d = 29. What is the units digit of u?
1
Suppose 16*g - 141540 - 8220 = 0. What is the tens digit of g?
6
Let l be (-1)/((-4)/20*1). Let d be (3/(-9))/(l/(-30)). Suppose -128 = -3*v + k + k, d*k + 40 = v. What is the units digit of v?
4
Suppose -6*d + 4800 = -0*d. Suppose -12*h - d = -17*h. What is the units digit of h?
0
What is the units digit of (-4623)/(-4) - (925/20)/(-37)?
7
Let d = 142 - 140. Suppose -5*t = d*o - 1654, t + 5*o - 332 = 4*o. What is the units digit of t?
0
Let m(b) = 224*b**2 - 144*b - 1236. What is the thousands digit of m(-8)?
4
Let n = 65 + -65. Let u be 38 + (n - (-4 + 4)). Suppose -4*z + u = -102. What is the tens digit of z?
3
Suppose -20*s + 4*z - 80926 = -25*s, 2*s - 2*z - 32392 = 0. What is the ten thousands digit of s?
1
Suppose -6*q = 16*q - 167415 - 86245. What is the ten thousands digit of q?
1
What is the hundreds digit of 5 - ((-6)/8)/(49/141316)?
1
Suppose s + 29 = 32. Suppose -6*z + 7*z - 68 = 0. Suppose s*a = z - 23. What is the tens digit of a?
1
Suppose -m + r + r = -21, m - 26 = -3*r. Suppose -4*p + 3*q + m = 0, 3*p + 0*q + 4*q = -14. Suppose -p*h - h = -297. What is the units digit of h?
9
Suppose 7*u - 34*u + 57564 = 0. Suppose -4*b + u = -1460. What is the units digit of b?
8
Let m(c) = c**3 + 21*c**2 - 92*c - 77. What is the tens digit of m(-23)?
8
Let x(d) = 14*d - 11. Suppose 0 = -16*q + 15*q + 21. What is the units digit of x(q)?
3
Suppose o - 180 + 619 = 0. Let u = 662 + o. Let x = -117 + u. What is the units digit of x?
6
Let i = 590 + -1082. Let j = -232 - i. What is the units digit of j?
0
Let b = -7498 + 13861. What is the hundreds digit of b?
3
Let z(c) = -5*c + 35. Let i be z(15). What is the thousands digit of 4/((-80)/1185)*i/2?
1
Let y(c) = -289 - 262 + 275*c + 402. What is the hundreds digit of y(4)?
9
Suppose -21 = -5*p - 4*d + 2*d, 0 = -4*p - 2*d + 18. Let k(r) = 72*r**2 + 8*r - 23. What is the hundreds digit of k(p)?
6
What is the ten thousands digit of ((-11418)/(-165) + -35)*(1 - -1969)?
6
Let x = -34 + -2. Let a = 36 + x. Suppose 4*f - 5*f + 67 = a. What is the units digit of f?
7
Suppose -5*x = -3*x + 3*n + 72, n - 130 = 3*x. What is the units digit of (224/12)/((-4)/x)?
6
What is the hundreds digit of ((-10)/4 + 143150/(-300))/(3/(-54))?
6
Let z(t) = -t**2 + 12. Let o be z(-5). Let r = o - -46. Suppose 36*h - r*h = 327. What is the tens digit of h?
0
Let w = 980 + -696. Let z(s) = 66*s - 1. Let d be z(-3). Let f = d + w. What is the units digit of f?
5
Suppose 82*c + 51342 = 4*s + 83*c, -3*s + 38535 = -4*c. What is the thousands digit of s?
2
Let m = 66148 + -34349. What is the tens digit of m?
9
Suppose 0 = 15*w + 8367 - 28506 - 24606. What is the tens digit of w?
8
Let d be (3/6)/((-3)/(-936)). Let q be ((-4)/(-5))/((-4)/(-30))*4. Suppose 21*p + d = q*p. What is the units digit of p?
2
Suppose -4*j = -j - 48. Suppose 3*z - 324 = 2*z - 2*g, -339 = -z + 3*g. What is the units digit of (j/(-30)*-3)/(4/z)?
2
Suppose -94555 + 24459 = -14*r + 37102. What is the thousands digit of r?
7
Suppose -u = q - 133, -3*q + 403 = -0*q + u. Suppose 2*a + 3*a = -q. Let o = a - -39. What is the units digit of o?
2
What is the hundreds digit of (-72)/(-54) - ((-1495662)/9)/7?
7
Let t(h) = -55*h**3 - 2*h**2 + h. Let q be t(1). What is the tens digit of (41/2)/((-4)/q)?
8
Let k = 3610 - 1596. What is the units digit of k?
4
Suppose 16*q = -3*q - 7657. What is the units digit of 2 - 3/(3/q) - -2?
7
Suppose 61*w - 45085 = -8058. Let n = -470 + w. What is the hundreds digit of n?
1
Let y be (-7 - (-57)/9)/(2/(-18)). Suppose 8*t = y*t. Suppose -x + 105 = a, -4*a + t*a + 4*x = -428. What is the units digit of a?
6
Let k = 19 - 11. Suppose -2 + 6 = -2*f, 2*n - 4*f = k. Suppose -5 = x - 2, n = 4*z + 3*x - 195. What is the tens digit of z?
5
Let y(f) = 1594*f - 180. What is the tens digit of y(6)?
8
Let n(a) = 3*a**2 - 5*a + 95. Let o be (-7 - (8 - 32))*-1. What is the thousands digit of n(o)?
1
Suppose 0 = -33*j + 39*j - 1512. Let q = j - 123. What is the units digit of q?
9
Let o(b) = b**3 - 9*b**2 - 5*b + 14. Let q be o(4). Let z = 97 - q. What is the tens digit of z?
8
Suppose -3945 = -28*p - 221. Let v = -93 + p. What is the tens digit of v?
4
Let t(u) = -86*u - 182. Let r be (-6*10/120)/((-2)/(-64)). What is the tens digit of t(r)?
9
Let y = 50488 - 26056. What is the ten thousands digit of y?
2
Let h(t) = -t**2 + 8*t - 9. Let u be h(6). Suppose -156 + 18 = -69*b. Suppose -790 = -4*d + b*a, -u*d = d - a - 795. What is the hundreds digit of d?
2
Let h be 3/(1/12*-3). Let u be 1*-51 + h/(-6). Let m = -32 - u. What is the units digit of m?
7
Let y be 6/10*(-47650)/(-2). Suppose -3*k - y = -18*k. What is the units digit of k?
3
What is the units digit of 18*174 + (-686)/49?
8
Suppose -25234 = -11*j + 77583. What is the hundreds digit of j?
3
Let j = -139 + 325. Suppose -445 = 181*x - j*x. What is the units digit of x?
9
Let j(u) = 111*u + 5. Let i be j(5). Suppose 0 = 5*d - 5*r - i, -r + 20 = -6*r. What is the tens digit of d?
0
Let c = 136395 - 69044. What is the thousands digit of c?
7
Let n(o) = 19*o**2 - 14*o + 27. Let l = 428 - 423. What is the hundreds digit of n(l)?
4
Suppose -3*b + 5331 + 5516 = -4*c, -4*c - 3605 = -b. What is the units digit of b?
1
What is the tens digit of (3 - 6)/(5 - (-412132)/(-82424))?
0
Suppose -11*o + 343 - 211 = 0. Suppose 6*y - o*y = -996. What is the units digit of y?
6
Suppose 5*m = -11835 + 125345. What is the ten thousands digit of m?
2
What is the hundreds digit of 18435 + (-11)/33 + 46/(-6)?
4
Let i(p) = -38*p + 296 - 35*p - 40*p + 114*p. What is the hundreds digit of i(-37)?
2
Let d = -3554 + 3573. What is the tens digit of d?
1
Let n = 744 + 3437. What is the thousands digit of n?
4
Let a(p) = p**2. Let g(c) = -c**3 - 5*c**2 + 8*c - 1. Let w(i) = 6*a(i) + g(i). Let m be w(-5). Suppose m + 47 = 3*r. What is the tens digit of r?
5
